d) = 14*d + 29*d**2 - 24*d**2 + 5 + 4. Let z be a(-5). Suppose u - 5*u + z = 0. Calculate the remainder when 62 is divided by u.
14
Suppose 21*j - 15 = 16*j. Suppose j*k + 6*n = 4*n + 8, -5*k - n = -18. Suppose -24 = -2*h - 2*h. Calculate the remainder when h is divided by k.
2
Let s(b) = 2*b**3 - 2*b**2 + 19*b - 65. Calculate the remainder when 1086 is divided by s(3).
22
Let o(g) = -g**3 + 2*g**2 + 3*g - 4. Let x(c) = c**2 + 5*c - 3. Let p be x(-5). Let w be o(p). What is the remainder when -2 - (w/16 + 1*-40) is divided by 10?
6
Let a = 6764 - 6628. Calculate the remainder when a is divided by 4.
0
Let u = -2260 - -1475. Let n = -667 - u. Calculate the remainder when n is divided by 18.
10
Let g(a) be the third derivative of a**6/120 - a**5/20 - a**4/12 - 5*a**3/6 - 4*a**2 + 3. What is the remainder when g(5) is divided by 13?
9
Let t = -240 - -244. Suppose 2*k - 218 = -k + b, 4*k + 3*b - 282 = 0. What is the remainder when k is divided by (-1 - (-34)/t)/((-40)/(-80))?
12
Let k = 18 - 8. Let j(y) = -y**3 - 10*y**2 - 6*y - 15. Let d be j(-8). Let w = 163 + d. What is the remainder when w is divided by k?
8
Suppose -13*w - 264 = -9*w. Let o = w + 66. Suppose -35*y + 32*y + 18 = o. Calculate the remainder when 17 is divided by y.
5
Let q(n) = n**2 + 7*n + 46. Let o(k) = -k**3 - 5*k**2 + k - 12. Let l be o(-5). What is the remainder when q(l) is divided by 75?
66
Let c be ((-2)/7 - 0) + (-229661)/(-581). Let b = c - 348. What is the remainder when 68 is divided by b?
21
Let x(k) = 30*k. Let c be x(1). Let y = 191 + c. What is the remainder when y is divided by 3*4/12*37?
36
Let u = 67 + -52. Let v(b) = b**2 - 18*b + 52. Calculate the remainder when 39 is divided by v(u).
4
Let w(x) = 6*x**2 - 4*x + 3. Let t(n) = n**3 - 24*n**2 + 160*n - 3. What is the remainder when t(12) is divided by w(2)?
18
Suppose l - 6*l + 487 = -4*z, 3 = -z. What is the remainder when l is divided by 4/(2/(-6) + (-23 - -24))?
5
Let c(r) = 3*r**2 + 103*r + 437. Calculate the remainder when 178 is divided by c(-30).
37
Suppose -6*q = -4500 - 1206. Let f = 1409 - q. Suppose 9*o + 125 - f = 0. Calculate the remainder when 71 is divided by o.
34
Let m = 12022 - 11838. Calculate the remainder when 489 is divided by m.
121
Suppose 46*a - 47 = 45*a + 2*b, 0 = 2*a + 3*b - 73. What is the remainder when 138 is divided by a?
15
Let o(a) = -5*a**2 - 6*a + 25. Let u be o(0). Let z be (-1)/(1 + 8/(-10)). Calculate the remainder when 5/u + (-379)/z is divided by 20.
16
Suppose -3*b + 24 = -6. Let r(c) = -c**2 - 8*c + 8. Suppose -24 = 8*m - 5*m. Calculate the remainder when b is divided by r(m).
2
Suppose 4*n + 16 + 103 = 5*b, -2*b - 4*n = -42. What is the remainder when 469 is divided by b?
9
Let z = -26 - -55. Let n be (-6)/(-15) + 24/15. Suppose n*o = 5*o - 45. Calculate the remainder when z is divided by o.
14
Calculate the remainder when ((-13)/(156/(-37500)))/1 is divided by 68.
65
What is the remainder when -21 - (-1 + 6 + -295) is divided by 21?
17
Suppose 13*m + 5595 = 5829. Calculate the remainder when 626 is divided by m.
14
Let b = -33 - -44. Suppose -3*n - m = -8, -3*n = 2*n + m - 14. Suppose 5*y - 26 = -a, -3*y + 7 = n*a + 1. What is the remainder when b is divided by y?
5
Let o(x) be the first derivative of 2*x**3/3 - 4*x + 3. What is the remainder when o(3) is divided by 10?
4
Suppose 3*p + 114 = 2*d - 4*d, 3*p = 5*d + 327. Let g = d + 148. What is the remainder when g is divided by 18?
13
Let i = 2838 - 2501. Let m(a) = a + 12. Calculate the remainder when i is divided by m(5).
14
Let y(n) = -106*n - 50. Let c be y(-9). Suppose 9*m - 928 = 4*m + 2*t, 5*m + 4*t = c. Calculate the remainder when m is divided by 48.
40
What is the remainder when ((286/11)/52)/((-2)/(-172) - 0) is divided by 42?
1
Let f = 4277 - 794. Calculate the remainder when f is divided by 42.
39
What is the remainder when 267 is divided by (271 - -1) + (-12)/7*70/20?
1
Let y(x) = 2*x**2 - 14*x - 2618. Calculate the remainder when 155 is divided by y(-33).
1
Let f = -5 + 8. Suppose 1481*m - 1478*m - 87 = 0. What is the remainder when m is divided by f?
2
Let v(r) = r**2 + 4*r - 4. What is the remainder when (-500)/(-25)*5/((-20)/(-16)) is divided by v(3)?
12
Let m(w) = w**3 + 6*w**2 - 18*w - 12. Let g be m(-8). What is the remainder when 45 is divided by g/((-217)/(-189) - 1)?
18
Let j(g) = -18*g**2 - 2*g + 1. Let q(o) = 5*o - 3*o + 54*o**2 - 4 + 4*o. Let k(y) = -14*j(y) - 4*q(y). Calculate the remainder when 65 is divided by k(-1).
31
Let f(x) = -569*x + 1384. What is the remainder when 266 is divided by f(2)?
20
Let y be 9 + (-2 + 2)/(-2). What is the remainder when (4/(-6))/(y/(-459)) is divided by (-4)/(-1 + 6/18)?
4
Let i(s) be the first derivative of -3*s**4/2 - s**3/3 - s**2/2 - s + 9. Let p = -17 + 24. What is the remainder when p is divided by i(-1)?
2
Let x(r) = 7*r**2 - 8*r + 7. Let q be x(1). Calculate the remainder when 188 is divided by (q + 3)*(-21)/(-9).
20
Let a(m) = 4*m**2 - 4*m - 2. Let p be (0 - -1)/(1/5). Let f(n) = -2*n**3 + 58*n**2 - 244*n + 10. What is the remainder when a(p) is divided by f(0)?
8
Let y be (-40)/(-380) + (-279)/(-57). Suppose 5*t = y, -7*x - 4*t + 48 = -3*x. What is the remainder when 384 is divided by x?
10
Suppose 5072*m - 2*n = 5068*m + 718, 3*m - 538 = n. What is the remainder when 188 is divided by m?
9
Let b(f) = -10*f + 140. What is the remainder when b(11) is divided by 558/(-63) + 11 + (-6)/(-7)?
0
Suppose 3*f - 35 = 106. Suppose 120*a - 728 = 116*a. What is the remainder when a is divided by f?
41
Let t(g) = 2*g + 6. Let u be t(-7). Let n be (33/(-6))/(4/u). Let q = n - -52. What is the remainder when q is divided by 16?
15
Suppose -30*m + 194 - 74 = 0. Let t = -6 + 9. Suppose 3*q - 2*o - 63 = o, q - 13 = t*o. Calculate the remainder when q is divided by m.
1
Let j(o) = -o + 48. Let k be j(29). Suppose 16*d - 69 = k*d. Let i = d + 74. Calculate the remainder when 149 is divided by i.
47
What is the remainder when (5/(-2))/(13/(-364)) is divided by (-1239)/(-118)*6/7?
7
Let n(w) = 39*w - 41. Suppose h = -u + 48, -2*u + h + 68 = -4*h. Calculate the remainder when n(5) is divided by u.
22
Let h = -583 + 875. Suppose 0 = 2*o - k - h, -568 = -3*o - o - 2*k. Let m = -114 + o. Calculate the remainder when m is divided by 12.
6
Let n = 38 + -21. Suppose 1749 = 16*o - 219. Calculate the remainder when o is divided by n.
4
Suppose -13*q + 15*q + 4*g - 36 = 0, g = -5*q + 72. Calculate the remainder when 2231 is divided by q.
5
Let x = -2 + 5. Suppose 4*t = -4*b + 108, -b = -x*t - 13 - 2. Suppose -254*d + 19428 = 1902. What is the remainder when d is divided by b?
21
Let k be (175/(-42))/(4/(-120)). Suppose 67 = 3*d - 4*a, 9*d + k = 14*d - 4*a. What is the remainder when d is divided by 11?
7
Suppose x = -4*n + 2*x - 548, 0 = -5*n - 5*x - 685. Let l = n + 268. Calculate the remainder when l is divided by 33.
32
Let w = 446 - 380. Suppose -5 = 5*o, w = 3*n + 4*o - 2. What is the remainder when 261 is divided by n?
21
Suppose 0 = -4*w - 5*l - 139, 17*w - l = 16*w - 37. What is the remainder when 43 is divided by (-9 + 7)/(8/w)?
7
Let r be (-11)/(-110)*0 - 166/(-2). Suppose -10*l = -7*l + 2*d - r, 2*d + 4 = 0. Let j = -152 - -231. What is the remainder when j is divided by l?
21
Suppose -6*r = 5*f - 8*r - 177, 73 = 2*f - 3*r. Let p(y) = 9*y + 105. Calculate the remainder when p(-5) is divided by f.
25
Suppose 191 = -4*z + 354 + 425. Calculate the remainder when z is divided by 48.
3
Suppose -3*r + 4*q + 1481 = -41, 2*q = -5*r + 2554. Suppose 15*v + r = 32*v. What is the remainder when 47 + 3 + -1 + 2 is divided by v?
21
Let y = -1017 + 1049. What is the remainder when y is divided by 5?
2
Suppose -148*q + 381368 = 840*q. What is the remainder when 1598 is divided by q?
54
Suppose 66 = 67*j - 65*j - 5*i, -2*i = 8. Calculate the remainder when 4622 is divided by j.
22
Let w(a) = -a**2 + 48*a - 124. Let q be w(28). Let j = q + -398. Suppose -3*m + 11 = 3*f - 16, -43 = -3*f + m. What is the remainder when j is divided by f?
12
Let i(z) = 2*z**3 + 11*z**2 + 3*z - 10. Let t be i(-5). Suppose -8*a - 3 + 187 = t. Let u = a + 0. Calculate the remainder when 137 is divided by u.
22
Let b = 24 - 24. Suppose 3*h - 9 = b, -2*h + 23 = 2*o + 7. Suppose 3*m + 114 = 6*m - 3*c, o